Let p be (w - -17)/((-2)/y). Calculate the highest common factor of 20 and p.
20
Suppose 5*y - 4 - 31 = 0. Suppose 5*r - y - 8 = 0. Suppose r*z - a = 162, 3*a - 162 = -3*z + 2*a. What is the highest common divisor of z and 6?
6
Suppose 5*y = -2*u - 9 + 160, -u = -y + 26. Suppose -y*d - 780 = -32*d. What is the greatest common divisor of 52 and d?
52
Suppose -2853913 + 9240953 = 417*l + l. Calculate the greatest common factor of l and 240.
80
Let b be (-9)/(-3)*4/3. Suppose 49*i - 4272 = -91*i - 216*i. What is the highest common factor of b and i?
4
Let q(v) = -80*v - 1331. Let z be q(-24). What is the highest common factor of 837 and z?
31
Suppose -109*u + 34916 = -72*u + 166*u. What is the highest common factor of 2924 and u?
172
Let j(c) = -16*c**2 - 1 - 8*c - 18*c**3 + 37*c**3 - 1 - 20*c**3. Let w be j(-16). Let f be 6/(-6)*36/(-2). Calculate the greatest common divisor of w and f.
18
Suppose -2*f + 35 = q - 7*f, f - 81 = -2*q. Let h = 369 - 329. Calculate the greatest common factor of q and h.
40
Suppose -3*i + 11 = -1, 3*j = i - 268. Let l be 20 - 1 - (-81 - j). Calculate the greatest common factor of l and 78.
6
Suppose 10 = -2*j + 28. Suppose j*l + 45 = 10*l. Calculate the highest common factor of 36 and l.
9
Let n be 1545/4 + (-7)/28. Let r = n - 1982. Let a be 4/10 - r/10. What is the greatest common factor of 20 and a?
20
Let z = -155 - -245. Let u(g) = -2*g**3 - g. Let b be u(-1). Suppose -5*y + 30 = 4*p, b*p + 55 = 2*y + 2*y. What is the greatest common divisor of z and y?
10
Let o be (64/6)/((-48)/(-72)). Suppose -26*x + 10 = -o*x. Suppose 3*y = 6*y - 21. Calculate the greatest common divisor of y and x.
1
Let u be (3 + 10 - 7) + 2370. What is the highest common divisor of 324 and u?
108
Let t = -259 - -493. Let p(g) = 144 - 16*g - g**2 - g + 6*g + 5*g + g. Let s be p(-14). What is the highest common factor of s and t?
18
Let x(r) = r**3 - 3*r**2 + 3*r - 2. Let a be x(3). Let v = 9 - a. Suppose v*f = o - 48, -7*o + 5*f = -3*o - 192. What is the greatest common factor of 32 and o?
16
Suppose -3*w + i = -54, -5*i - 62 = -112*w + 110*w. What is the greatest common divisor of 8144 and w?
16
Suppose -5*n + 144*t = 140*t - 655, -3*t + 216 = 2*n. Let a = 177 + -95. What is the greatest common divisor of n and a?
41
Let u(s) = s**3 - 5*s**2 - 8*s - 2. Let q be u(-1). Suppose 47 + 313 = 4*c. Suppose q*a + c = 2*a. Calculate the highest common factor of a and 9.
9
Let h be 120/((-120)/10) - -22. Calculate the greatest common factor of h and 228.
12
Let a = 85 + -56. Suppose -11 - a = -8*f. What is the highest common factor of 5 and f?
5
Suppose -6*c - 117 = -19*c. Suppose 2*m + 2*w = 11 - c, -3*m = 2*w - 6. Calculate the greatest common factor of m and 116.
4
Suppose -152*n + 185482 + 39478 = 0. Calculate the greatest common divisor of n and 320.
40
Suppose 10*l - 5780 - 14620 = 0. What is the greatest common divisor of 240 and l?
120
Let o(g) = 8*g**2 - 18*g - 6. Let x be o(-3). Let s = 161 - x. Calculate the highest common factor of s and 205.
41
Let t = -854 - -302. Let p = -474 - t. Calculate the greatest common factor of p and 52.
26
Let q = -12835 - -12995. Calculate the highest common divisor of q and 940.
20
Let t(c) = -3*c - 83. Let i be t(-29). Suppose -i*w = 5*v - 746, v - 149 = 2*w - 3*w. What is the highest common divisor of v and 250?
50
Let q be (1/2)/(22/98120). Suppose 5*i + 3*j - q = -285, 0 = i - 4*j - 412. Let s(b) = -b + 49. Let p be s(0). Calculate the highest common factor of p and i.
49
Suppose 0 = -2*c - 2*w + 60, 138 = -93*c + 96*c - 5*w. Calculate the highest common factor of c and 252.
36
Let a be (9 + -11)/(8/(-4720)). Calculate the greatest common divisor of 7375 and a.
295
Suppose -4*v = -18*i + 22*i + 2992, 2*i + 2249 = -3*v. Let j = v - -806. Calculate the highest common factor of 1 and j.
1
Suppose -3*s - 3*d + 234 = 0, -2*s + 237 - 71 = -3*d. Suppose -3433 = -32*i - 84*i + 4687. What is the greatest common divisor of s and i?
10
Suppose -115*w - 162*w - 50*w = -371472. Calculate the highest common divisor of 142 and w.
142
Let a be (-2010)/(-2) + (-3 - -1). Let d be 6/24 + 2 + a/4. Calculate the greatest common divisor of 11 and d.
11
Let m be -1 + 15/13 + (-2788)/(-663)*1452. Calculate the highest common factor of 71 and m.
71
Let m be (-1 + -59)*2/(-4). Calculate the highest common factor of m and 12570.
30
Let d = 693 - 660. What is the highest common factor of 2937 and d?
33
Let m be (4/5)/(3/30). Let t be (-1 - 18/(-14)) + 47/7. Suppose -85 - 419 = -t*s. What is the greatest common factor of m and s?
8
Let b = 834 - 830. Suppose -g = -4*j + 4 - 27, -g - 5*j = b. Let v = 14 + 8. What is the highest common factor of v and g?
11
Suppose -10*m = -5*m + 3*r - 2165, 0 = 3*m - 5*r - 1265. Let f = m + -232. Let a(p) = -3*p + 3. Let x be a(-5). What is the highest common factor of f and x?
18
Let h(m) = -17*m + 106. Suppose 493 = -2*g + 505. Let a be h(g). Calculate the highest common divisor of a and 64.
4
Let z be (2 + -47)*35/(-15). Calculate the highest common factor of 1095 and z.
15
Suppose -11 = -3*y - 2, -y = -2*u + 707. Suppose u - 3281 = -14*j. Let l be (-346)/(-18) + -4*(-1)/(-18). Calculate the highest common divisor of l and j.
19
Let p(c) = -98*c + 200. Let h be p(-16). Suppose -31*a = -27*a - h. What is the greatest common divisor of 26 and a?
26
Let m(c) = 6*c**2 - 78 - 6*c + 147 + c**3 - 55. Let r be m(-6). What is the highest common factor of r and 20?
10
Let c(b) = -b**3 - b**2 + 3*b - 5. Let r be c(3). Let m = r - -45. Suppose -39 = -u + 78. Calculate the highest common divisor of u and m.
13
Suppose -5*f + 67 = 12*t - 13*t, 0 = 4*f - 5*t - 41. Suppose -15*y + 560 = -10*y. Calculate the highest common factor of y and f.
14
Let t(j) = -12*j**2 - 4*j + 39. Let q be t(4). Let o = q + 302. Calculate the highest common factor of 19 and o.
19
Let z = -27 - -24. Let g be (5/5)/z*-3*14. Calculate the greatest common divisor of g and 154.
14
Let l(r) = 10*r**2 - 123*r - 387. Let x be l(-3). Let y be (-158)/(-18) - 2/(-9). What is the greatest common divisor of x and y?
9
Suppose -477*s = -490*s + 145119. Calculate the greatest common factor of s and 366.
183
Let x = 13635 - 26179. Let m be x/(-320) + 1/(-5). Let i(j) = -14*j - 6. Let t be i(-6). Calculate the highest common divisor of m and t.
39
Let v(m) = -115*m + 1851. Let x be v(-24). What is the greatest common divisor of 261 and x?
87
Suppose -5023 - 3318 = -116*h + 13235. What is the highest common factor of h and 248?
62
Suppose -14*m + 146 = -43*m + 378. What is the greatest common factor of m and 260?
4
Suppose 0 = -30*s + 408 + 792. What is the greatest common factor of 55 and s?
5
Suppose 70*o = -123*o + 56*o + 368941. Calculate the greatest common divisor of o and 1.
1
Let b(k) = 15*k**2 - 265*k + 15. Let u be b(-9). What is the greatest common divisor of 30 and u?
15
Let f be (165/20)/(28/1568). Calculate the greatest common factor of f and 10857.
231
Suppose -18*r = -19*r + 54. Let s = r - 44. Let x(g) = -3*g - 15. Let l be x(-7). Calculate the greatest common factor of s and l.
2
Suppose -21*o + 16*o = 385. Let p = -67 - o. What is the highest common factor of 80 and p?
10
Suppose 2267 = 4*j - 7*y, 3*j - 4*y - 1699 = y. What is the greatest common factor of j and 1581?
93
Let i(k) = -k**3 + 6*k**2 + 30*k - 175. Let v be i(6). Let c be (0 - -10)*50/4. Calculate the greatest common divisor of c and v.
5
Suppose 5*n - 52 = 2*q - 25, -4*q - 29 = -5*n. What is the highest common factor of 19 and n?
1
Suppose 29*o - 5*o - 395049 = -22977. What is the greatest common factor of o and 37?
37
Suppose -3*q = -21, -5*q + 83 - 153 = -b. What is the highest common factor of b and 1855?
35
Let y be 1/(-1 - 0/3)*-5. Suppose y*n + 363 = 16*n. Let b be 18/(-63) + (-928)/(-14). Calculate the greatest common factor of n and b.
33
Let q = 16 - 5. Suppose 2*l = 1057 - 991. Let h be l*(6 + -4)*8/12. Calculate the highest common factor of h and q.
11
Suppose 914 = a + 4*w, -3*w - 747 = -a + 146. Let q = -1378 + a. Let x be (-3)/(-9) - q/12. What is the highest common divisor of x and 100?
20
Let p = 23 - 31. Let g be -4 - (-2 - (-4 - p)). Let k be g/(-4) + (-33)/(-6). What is the greatest common divisor of 1 and k?
1
Suppose -3*x = 3*c - 14694, -6807 =